{"id":134,"date":"2019-04-28T18:45:15","date_gmt":"2019-04-28T18:45:15","guid":{"rendered":"http:\/\/mexoshop24.de\/?post_type=product&#038;p=134"},"modified":"2019-07-01T19:47:09","modified_gmt":"2019-07-01T19:47:09","slug":"mexo-flip-flops","status":"publish","type":"product","link":"https:\/\/mexoshop24.de\/?product=mexo-flip-flops","title":{"rendered":"Mexo Flip-Flops"},"content":{"rendered":"","protected":false},"excerpt":{"rendered":"<p>Trage Deine Lieblingsbar auch an den F\u00fc\u00dfen und zeige, dass du auch modisch ganz weit vorne liegst.<br \/>\nMit den MEXO-Bar Flip Flops lockst du den mexikanischen Sommer und bist dabei voll im Trend.<br \/>\nUnsere Flip Flops sorgen f\u00fcr Laufkomfort und garantierte Aufmerksamkeit.<\/p>\n<p>-Fu\u00dfbett aus Gummi<br \/>\n-aus Kunststoff gefertigte Riemen<br \/>\n-erh\u00e4ltlich in verschiedenen Gr\u00f6\u00dfen<\/p>\n<p> <a class=\"more-link\" href=\"https:\/\/mexoshop24.de\/?product=mexo-flip-flops\">Weiterlesen<\/a><\/p>","protected":false},"featured_media":164,"comment_status":"open","ping_status":"closed","template":"","meta":[],"product_cat":[33],"product_tag":[],"_links":{"self":[{"href":"https:\/\/mexoshop24.de\/index.php?rest_route=\/wp\/v2\/product\/134"}],"collection":[{"href":"https:\/\/mexoshop24.de\/index.php?rest_route=\/wp\/v2\/product"}],"about":[{"href":"https:\/\/mexoshop24.de\/index.php?rest_route=\/wp\/v2\/types\/product"}],"replies":[{"embeddable":true,"href":"https:\/\/mexoshop24.de\/index.php?rest_route=%2Fwp%2Fv2%2Fcomments&post=134"}],"wp:featuredmedia":[{"embeddable":true,"href":"https:\/\/mexoshop24.de\/index.php?rest_route=\/wp\/v2\/media\/164"}],"wp:attachment":[{"href":"https:\/\/mexoshop24.de\/index.php?rest_route=%2Fwp%2Fv2%2Fmedia&parent=134"}],"wp:term":[{"taxonomy":"product_cat","embeddable":true,"href":"https:\/\/mexoshop24.de\/index.php?rest_route=%2Fwp%2Fv2%2Fproduct_cat&post=134"},{"taxonomy":"product_tag","embeddable":true,"href":"https:\/\/mexoshop24.de\/index.php?rest_route=%2Fwp%2Fv2%2Fproduct_tag&post=134"}],"curies":[{"name":"wp","href":"https:\/\/api.w.org\/{rel}","templated":true}]}}